 x(q) = 202*q**2 - 113*q + 112. Let r be x(1). Calculate the highest common factor of 3 and r.
3
Suppose -1516 - 94 = 7*c. Let i = -70 - c. What is the greatest common factor of i and 40?
40
Suppose -4*h = -5*h + j + 17, h - 14 = 2*j. What is the highest common factor of 260 and h?
20
Let b = -3 - -1. Let j be ((-6)/4)/(b/28). Let a be (1176/4)/((-2)/(-1)). Calculate the greatest common divisor of j and a.
21
Let c be 6/10 - 1 - 2/(-5). Let w be (-11 - -18)/(1 - c). What is the highest common divisor of w and 56?
7
Let t(w) = w**3 + 55*w**2 + 91*w + 102. Let f be t(-53). Calculate the highest common factor of 69 and f.
69
Let z(x) = x**3 + 5*x**2 - 6*x - 3. Let s be z(-6). Let n be (-188)/(-4)*s/(-3). What is the greatest common divisor of 141 and n?
47
Let k = -75 + 148. Calculate the greatest common divisor of k and 219.
73
Let v be 6*2/36*75. Calculate the highest common factor of 50 and v.
25
Let t = -46 + 216. What is the greatest common factor of t and 34?
34
Suppose -3*d + 0*d + 114 = -3*o, -3*o = -4*d + 154. Suppose 96 - d = 4*r. What is the highest common divisor of r and 56?
14
Let h(w) = 1 - 2*w**2 + w**3 + w**2 - 2*w**3 + w + 8*w**2. Let m be h(7). Suppose 3*l - 10*l + 504 = 0. What is the greatest common factor of l and m?
8
Suppose 8*g = 14*g - 18. Suppose -4*v + x + 93 = 0, -g*v - 3*x = -0*x - 81. Calculate the highest common factor of 216 and v.
24
Suppose -12*c = -15*c + 72. Calculate the highest common divisor of 132 and c.
12
Let p(y) = 2*y**2 - 7*y + 4. Let g be p(3). What is the greatest common factor of 27 and g?
1
Let o = -191 + 199. Calculate the highest common divisor of 36 and o.
4
Let h be (-5 + (-57)/(-9))/(5/690). Let m = 17 + 6. Calculate the greatest common factor of m and h.
23
Let g = -32 + 35. Let c = g - -47. What is the greatest common factor of 20 and c?
10
Let m be 12/((-1236)/(-396) + -3). Calculate the highest common divisor of m and 144.
9
Let s be (4 + -7)*-1 - 3. Suppose s = 6*y - 70 + 10. What is the greatest common divisor of 170 and y?
10
Let g(r) = r - 8. Let z be g(11). Suppose -3*l + 363 = 5*n, -2*n + 4*l - z*l + 154 = 0. Calculate the greatest common divisor of 30 and n.
15
Let y be 40/(-140) + (-368)/(-14). What is the greatest common factor of 1664 and y?
26
Let z(c) be the first derivative of -18*c - 1/3*c**3 - 11/2*c**2 + 11. Let v be z(-8). Calculate the highest common factor of 24 and v.
6
Let i = -185 + 270. Calculate the highest common divisor of 20 and i.
5
Let q be (2/1)/((-6)/9). Let j be q*(-14 - (-2)/(-1)). Suppose 0 = -3*n - n + j. What is the greatest common divisor of 12 and n?
12
Let g be (-7640)/(-6) - (10 + 87/(-9)). What is the greatest common factor of 38 and g?
19
Suppose 3*t = 2*j - 250, -4*t + 340 = 5*j - 285. Calculate the highest common factor of 650 and j.
25
Suppose 4 = -2*w - 4. Let h be 1/w - (-35)/(-20). Let j be -2 - (48/2)/h. Calculate the highest common factor of 15 and j.
5
Suppose -5*g = -3*g - 64. Suppose -5*n = -2*k - 9*n, 5*k + 3*n - 14 = 0. What is the highest common divisor of g and k?
4
Let k = 66 + -67. Let r = k - -21. Calculate the highest common factor of r and 4.
4
Let t = 7 - 11. Let g = t - -4. Suppose g*b + 105 = 5*b. Calculate the greatest common divisor of b and 3.
3
Suppose -4*d + 3*w + 230 = 0, -4*d + 0*d = -2*w - 228. Calculate the greatest common divisor of 152 and d.
8
Suppose 393 = 10*o - 57. Suppose -4*c + 0*t + 61 = 5*t, 3*c = -4*t + o. Calculate the highest common factor of 209 and c.
19
Suppose 123*v - 135*v + 1320 = 0. Calculate the highest common divisor of v and 290.
10
Let p(n) = n**2 - 5*n - 9. Let r be 11/(3 + 15/(-6)). Suppose 0 = 4*q - 6 - r. Let h be p(q). What is the highest common divisor of 45 and h?
5
Let p be (-13)/((-91)/21) - (-2 - 16). What is the greatest common divisor of 36 and p?
3
Let r = 61 + -55. Calculate the highest common factor of 78 and r.
6
Suppose -x = 10 + 33. Let v = x - -171. Calculate the highest common divisor of 16 and v.
16
Suppose -465 = -14*q + 9*q. Suppose -4*c = 4*r - q - 19, 4*r + 3*c - 117 = 0. What is the greatest common factor of r and 11?
11
Let k(t) = -4*t. Let g be k(-1). Let m = -2 + g. Suppose -19*w + 1404 = -6*w + 65*w. Calculate the greatest common factor of m and w.
2
Suppose 3*s - 12 = s. Suppose 5*c + 0*l = -5*l + 1195, 4*c + l - 959 = 0. Suppose -20*y - c = -25*y. Calculate the highest common factor of y and s.
6
Let r be 1056/21 - (-2)/(-7). Suppose -3*c + r = 2*c. Let w be c + 3*(-4)/6. What is the greatest common divisor of w and 56?
8
Suppose 4*l = q - 29, -4*l - 92 = -4*q - 0*l. Suppose -3 = 3*i, 3*i + q = -c + 3*c. Calculate the greatest common factor of c and 72.
9
Suppose -3*k + 175 = 2*m, 0 = k - 6*k - 3*m + 290. Calculate the greatest common divisor of k and 385.
55
Let m = 46 - -80. Suppose 9*x - 56 = 5*x. Calculate the highest common factor of x and m.
14
Let s = -5 + 8. Suppose 194 = 3*i - 4*y, y = -s*i - 2*i + 354. Let n = 130 - i. Calculate the highest common factor of 12 and n.
12
Suppose 0 = -48*f + 33*f + 6195. What is the greatest common divisor of 59 and f?
59
Let b(j) = 19*j**2 - j - 3. Let q be b(-1). What is the highest common factor of 119 and q?
17
Let a be (-3)/(-12) - (-167)/4. Let u be (2/10 + -1)*(32 - 37). Suppose -2*l - 246 = -4*s, s + u*l - 62 = 13. Calculate the highest common divisor of s and a.
21
Let u be 862 - 0 - (-4 + 0). Suppose -u = -4*s - q - 0*q, 5*s = 2*q + 1076. What is the highest common factor of s and 24?
24
Suppose 16 = 6*z - 8. Suppose 0 = l + z*l - 15. Suppose -20 = -b - l. Calculate the highest common factor of b and 119.
17
Let a(h) = 2*h + 20. Let d be a(-10). Suppose u = -2*p + 5*u + 92, d = p - 3*u - 50. What is the highest common divisor of p and 266?
38
Suppose 5*t - 21 = 109. Let w(b) = 9 + 3 - 13*b + 1. Let r be w(-4). Calculate the highest common divisor of t and r.
13
Let i be (-1917)/284*-4*16/3. What is the highest common divisor of 192 and i?
48
Let i = -708 - -1279. Suppose -4*y + 565 = y - 5*d, 2*d = 5*y - i. Calculate the greatest common divisor of y and 46.
23
Let q(c) = c**2 + 16*c + 18. Let a be q(-12). Let x be (22/4)/(1*(-5)/a). Calculate the highest common divisor of 22 and x.
11
Let w(x) = x**3 - x**2 + 2*x + 1. Suppose -3*u + 9 = -0. Let d be w(u). Let y(r) = 7*r + 110. Let p be y(-15). Calculate the greatest common factor of p and d.
5
Let h be 2/(-6)*(-20 + 20). Suppose 0 = -4*i + 12, h = -l - 5*i - 101 + 248. Let m = 0 + 12. What is the greatest common factor of m and l?
12
Let m = 386 + -362. Calculate the greatest common factor of m and 24.
24
Suppose 4*n - 2*n + 8 = 0. Let z be (n + 56/12)/(4/138). Calculate the highest common divisor of 253 and z.
23
Suppose -3*c = -105 + 15. Let a = 47 - c. Calculate the highest common divisor of a and 51.
17
Let w be 10 - 240/16 - 54/(-2). Calculate the greatest common divisor of w and 154.
22
Let o = 3687 + -3618. Let t(n) = 23*n. Let z be t(2). Calculate the greatest common divisor of o and z.
23
Let u be -5 - (1 - 17) - -74. Calculate the greatest common divisor of 272 and u.
17
Suppose -3*n = 2*n. Suppose n = -o + 1 - 5, 2*o = 2*y - 38. Let r = y - 4. Calculate the highest common divisor of 55 and r.
11
Let y(i) = -17*i - 513. Let r be y(-31). What is the greatest common divisor of r and 54?
2
Suppose 0 = -0*w + 4*w - 1600. Let a = 216 - 176. What is the highest common divisor of a and w?
40
Suppose 6*m - 3*m = 276. Let r(y) = -y**2 - y + 23. Suppose -z + 5*v = v, 2*v = -2*z. Let s be r(z). Calculate the highest common divisor of s and m.
23
Suppose -12 = -0*x + 4*x. Let n be 0 + (-3 - x) - -93. Suppose -5*m + 5*v = -40, 29 = -5*m - v + n. Calculate the highest common factor of 8 and m.
4
Suppose -4*l = v - 48, -80 = -3*v - 4*l + 8*l. Let m(a) = 15*a**2 + 1. Let x be m(-1). Calculate the greatest common factor of v and x.
16
Suppose 17*t - 13572 = -12*t. Calculate the highest common factor of t and 54.
18
Let u = -7 - -11. Suppose -5*s = -u*s - 5. Suppose 0 = s*a + 24 - 69. What is the greatest common divisor of 36 and a?
9
Let k = -34 - -55. Let x = 143 - 92. Let p = x - 30. What is the greatest common factor of k and p?
21
Let r(m) = -3*m**3 - 4*m**2 - m + 2. Let s be r(-2). Let x(b) = -b**2 + 10*b + 12. Let c be x(6). Calculate the greatest common f